 are the prime factors of u?
7, 1871
Suppose 27*p = 25*p - 5*n + 9426, -4*p = 4*n - 18876. What are the prime factors of p?
4723
Let k = -232 + 236. What are the prime factors of (-1 + k/2)*(-4 + 1627)?
3, 541
Let f(k) = 40*k**3 - 8*k**2 - 7*k + 113. What are the prime factors of f(10)?
3, 103, 127
Let k be 12036/306*78/4. Let a = k - 58. List the prime factors of a.
709
Suppose 2*i - 7413 - 2423 = 5802. List the prime factors of i.
7, 1117
Suppose -3*z - 11 - 7 = 0. Let h = z + 10. Suppose 837 = 2*w + 3*w - 2*p, -3*w + h*p + 491 = 0. List the prime factors of w.
13
Let j(h) = 354*h + 12. Let l be j(3). Suppose -15*o + l = -13*o. Suppose -6*g + 1551 - o = 0. List the prime factors of g.
13
Let k = 3255 - -1291. What are the prime factors of k?
2, 2273
Suppose 5*k + 2*i = -269, -3*k + 5*i = 2*i + 174. List the prime factors of ((-298)/1)/(k/275).
2, 5, 149
Let s be (24/(-3) - -8)/(-1). Suppose -32 = -4*h + 4*c, 2*c + 3*c - 5 = s. List the prime factors of h.
3
Suppose -a = -2, -35*m + 40*m - 8 = a. Suppose 0 = -9*r - m*r + 6138. List the prime factors of r.
2, 3, 31
Let w be 1/5*(4 - -6). Suppose -41 = 5*b + s - 1714, -s = -w*b + 672. What are the prime factors of b?
5, 67
Let g be -18501*20/(-18) - 2/3. Suppose -g = -9*b - 3375. What are the prime factors of b?
23, 83
Suppose -133*g + 4193314 = 1308810. List the prime factors of g.
2, 2711
List the prime factors of 6*6/(-48) + (1 - (-47470)/8).
2, 3, 23, 43
Suppose -233 = -2*o + 5*v + 116, -2*v - 820 = -5*o. Suppose -i - 3*p + o = 0, 4*p = 13*i - 17*i + 688. List the prime factors of i.
3, 59
Suppose -3*z + k = -2092, -5*k = -z - k + 701. What are the prime factors of z?
17, 41
Let f(p) = -19*p**3 + 7*p**2 - 6*p + 59. List the prime factors of f(-8).
7, 13, 113
Let m(s) = -10*s - 24 + 7*s**2 + 9*s + 4. Let y be m(-5). Suppose -5*v = -315 - y. What are the prime factors of v?
5, 19
Let h = 6309 - -6051. List the prime factors of h.
2, 3, 5, 103
Suppose 82*y + 18 = 76*y. Let w = -1 + 16. What are the prime factors of (-386)/(-5) + y/w?
7, 11
Suppose -3*a + 12 = 0, -2*c + 48*a - 44*a + 3518 = 0. What are the prime factors of c?
3, 19, 31
Let b(v) = 125*v**2 - 5*v + 34. Let g be b(14). Suppose -23*r - 2522 = -g. List the prime factors of r.
2, 3, 53
Let m be 4/(-10) - 6630/50. List the prime factors of (1 - m)/(6/75).
5, 67
Let c = 3 - 5. Let w be 8 + c - (-2)/(2/(-3)). Suppose 0 = w*m - 6*y + 3*y - 258, 4*y + 426 = 5*m. What are the prime factors of m?
2, 41
Let n be 1/(11/2) - 182/154. Let z be 1/(-3) + n/(12/8). What are the prime factors of 4 - (-3 + z - 109)?
3, 13
Suppose 2*y - 241 + 385 = 0. List the prime factors of (1003/(-1))/(y - -71).
17, 59
Let z = -5 + 15. Suppose -5*x + z*x - 10 = 0. Suppose -2*v - x*a = a - 29, v + 13 = 4*a. What are the prime factors of v?
7
Suppose 0 = -2*m + 8, -2*c + 7*m - 2*m = 0. Let s be (c/(-8))/(1/(-4)). Suppose 4*t - 125 = s*h, 130 = 5*t + 5*h - 15. List the prime factors of t.
2, 3, 5
Let x(t) = -t**3 - 35*t + 67 - 7 + 25*t**2 + 33*t. Let y be x(25). Suppose -y*b + 104 = -226. What are the prime factors of b?
3, 11
Let l be -1 + -1 - -4*(-4)/(-8). Suppose 2*z + 17 - 25 = l. Suppose -3*f = 2*c - 460, z*c + 0*f = -3*f + 914. List the prime factors of c.
227
Let b(l) = 28*l + 43. Let v be b(-3). Let d = v + 205. List the prime factors of d.
2, 41
Let a(k) = k**3 - 7*k**2 + k - 9. Suppose -10*z + 20 = -6*z. Let i be a(z). Let w = i + 228. What are the prime factors of w?
2, 3, 29
Suppose -339*p = -343*p + 7*y + 38323, -p = 5*y - 9601. List the prime factors of p.
2, 4793
Let c(a) = -205*a**2 + 3*a + 2. Let h be c(-1). Let r = 479 + h. List the prime factors of r.
3, 7, 13
Let q = -143 + 599. What are the prime factors of q?
2, 3, 19
Let s be -327*(-4)/(20/25). Suppose -1625 = -2*i - 3*o, -o - s = -2*i - 2*o. What are the prime factors of i?
2, 5, 41
Let u(m) = 3*m**3 - 2*m**2 - 3*m - 3. Let v be u(3). Let h = 30 - v. Let i = -16 - h. What are the prime factors of i?
5
Suppose -7289520 = -124*p + 4*p. What are the prime factors of p?
2, 7, 4339
Suppose -163*k + 179*k - 144934 = -7974. List the prime factors of k.
2, 5, 107
Suppose 0 = x - 4 - 7. Let y = x - 11. Suppose y = -12*p + 9*p + 171. What are the prime factors of p?
3, 19
Let z be 1 + 2 + (-5 - -1) + 1. Suppose 0 = -z*t - 14*t + 17990. What are the prime factors of t?
5, 257
Suppose -12212 = -3*x - 5*u, -2312 = x + 4*u - 6371. Let w = x + -2887. What are the prime factors of w?
2, 149
Let k(w) = 465*w**2 + 4*w + 4. Let f be k(-2). Suppose 0 = -6*c + f + 3886. Suppose 10*b - 3 = c. What are the prime factors of b?
2, 3
Let y be (-384)/12 - (4 - 0). Let x = y - -74. Let i = x - -99. What are the prime factors of i?
137
Let r(x) = 1444*x**2 + 137*x. What are the prime factors of r(2)?
2, 5, 11
Suppose -14*u - 5827 = -297. Let z = -27 - -47. List the prime factors of (((-32)/z)/(-4))/((-1)/u).
2, 79
Let q be (6/(-4))/(((-51)/486)/(-17)). Let p = 281 + q. List the prime factors of p.
2, 19
Let h(g) = -14*g**3 - 6*g - 5. Let l(t) = -14*t**3 - 7*t - 6. Let z(q) = 6*h(q) - 5*l(q). Let w be z(1). List the prime factors of (-1765)/w + (-8)/12.
3, 13
Suppose -2*g + o = -17, 41 = g + 4*g - 2*o. Suppose -631 - 2029 = -g*j. Suppose 0 = -8*m + 3*m + j. What are the prime factors of m?
2, 19
Suppose g - h = 2*g - 9, -2*g = 5*h - 27. Let q be 17 - 14 - (-2 + 3). Suppose -2*o - 80 = -2*n, 3*o - 181 = -g*n + q*n. List the prime factors of n.
43
Suppose -2*c - 4*i - 7548 = 0, 0*i = -3*c - 4*i - 11322. List the prime factors of -3 - 54/(-24) - c/8.
3, 157
Suppose 7*i - 4 - 3 = 0. Suppose -4*q + i = -19. Suppose -5*p + 3*l + 156 = -p, -q*p + 5*l + 190 = 0. What are the prime factors of p?
2, 3, 7
Let j(s) = s - 7. Let c be j(15). Suppose -c = -15*d + 11*d. Suppose -d*t = -2*y - 6*t + 370, 3*t - 185 = -y. List the prime factors of y.
5, 37
Let q(v) = v**3 - 3*v. Let c be q(2). Let x(g) = -g + 7. Let f be x(c). Suppose 0*z + f*z - 1175 = 0. List the prime factors of z.
5, 47
Suppose -21*f + 430*f = 8467527. List the prime factors of f.
3, 67, 103
Let y(d) = -d**2 - 68*d + 16. Let v = 511 - 522. List the prime factors of y(v).
643
Let n(z) = z**3 + 3*z**2 - z - 1. Let y(c) be the first derivative of 3*c**2/2 + 3*c - 18. Let b be y(-2). List the prime factors of n(b).
2
Suppose 19*a - 535 - 491 = 0. List the prime factors of (-6)/(-5)*(-9)/(a/(-150)).
2, 3, 5
Let c(x) = 3*x + 2. Let i be c(-2). Let j(z) = -23*z + 8*z + 15 + 8*z - 4*z. List the prime factors of j(i).
59
Suppose -25*f = -15*f - 85170. What are the prime factors of f?
3, 17, 167
Suppose 0 = -10*y + 13*y - 6627. Suppose 0 = -5*h - 3*n + 2757, 9*n - y = -4*h + 10*n. What are the prime factors of h?
2, 3, 23
Suppose -10*k + 80604 = 2*g, 1075*k + 9 = 1078*k. What are the prime factors of g?
3, 13, 1033
Suppose -2*g - g - 522 = 5*t, t + 103 = -2*g. Let y = t - -186. List the prime factors of y.
3
Let l(d) be the first derivative of -d**3/3 - 8*d**2 - 21*d - 9. Let f be l(-15). List the prime factors of 4/f*450/(-6).
2, 5
Let b(u) = -8*u**3 + 202*u**2 - 9*u - 34. What are the prime factors of b(23)?
9281
Suppose -709*r = -568*r - 5477427. What are the prime factors of r?
3, 23, 563
Suppose -4*d - 6*j = -5*j + 6, 2*d - 5*j + 14 = 0. Let m be -2*(3 + -2 + d). Suppose -4 = r, m*h - 158 = -3*r - 48. List the prime factors of h.
61
Let l = -126073 + 193519. What are the prime factors of l?
2, 3, 1249
What are the prime factors of -20 - -14 - (76601 + 4)/(-5)?
3, 5, 1021
Suppose -5*p + 3*l - 885 = 0, 5*p - 2*l - 83 = -968. Let x be p*(-1)/3 - (-2 + 0). Let i = 6 + x. What are the prime factors of i?
67
Let f = 11310 + -5245. What are the prime factors of f?
5, 1213
List the prime factors of -1 - 70/14 - -1386.
2, 3, 5, 23
Let j(z) = -40*z - 157. Let c(l) = l**3 + 24*l**2 + 49*l + 93. Let k be c(-22). What are the prime factors of j(k)?
523
Let i = -7109 + 15532. List the prime factors of i.
8423
Let g(s) = -s**2 - 20 + 72*s - 23*s - 21*s - 14*s. Let f be g(12). Suppose 4*n = 3*x - 339, -3*n = -f*x + 612 - 160. What are the prime factors of x?
113
Let c = -15475 - -32830. What are the prime factors of c?
3, 5, 13, 89
Let x = -68 - -441. Suppose -10*k + 5757 = -x. List the prime factors of k.
613
Let i(r) = -2*r - 1. Let j be i(-2). Let p be 10/(-4)*(-25)/((-750)/(-24)). 